 177971653 prime?
False
Is 56887393 composite?
True
Is 59158611511 a prime number?
False
Is 1487119169 a composite number?
True
Is 29554863709 a prime number?
False
Is 14167209803 a prime number?
True
Is 349656301 prime?
False
Is 1165780097 a prime number?
True
Is 2236385447 a composite number?
False
Is 4058984191 a prime number?
True
Is 4321390009 prime?
False
Is 35262919073 prime?
False
Is 15894382661 composite?
False
Is 1472956621 prime?
False
Is 976948309 prime?
True
Is 20771305889 a prime number?
True
Is 6869638117 a prime number?
False
Is 10116935513 a prime number?
True
Is 2753199551 a composite number?
True
Is 100822213 prime?
True
Is 572774849 prime?
True
Is 498861887 a prime number?
True
Is 100943762 a prime number?
False
Is 18364024361 a prime number?
True
Is 561250733 composite?
True
Is 80103173 prime?
True
Is 142016443 a prime number?
True
Is 5125879853 composite?
True
Is 57939367127 prime?
False
Is 468439469 a prime number?
False
Is 3497945839 prime?
True
Is 23499562363 composite?
True
Is 18055275881 a prime number?
True
Is 1178192877 a prime number?
False
Is 15568313 a prime number?
True
Is 72783642719 composite?
False
Is 87104557 composite?
False
Is 1444371967 a composite number?
True
Is 86221678 prime?
False
Is 3587726993 composite?
True
Is 1494471431 composite?
True
Is 61069905717 a composite number?
True
Is 1644605411 prime?
True
Is 366880921 composite?
True
Is 8928827779 prime?
True
Is 55740639569 a prime number?
False
Is 7770920041 a composite number?
False
Is 413717389 a composite number?
True
Is 215134841 composite?
False
Is 115351283 composite?
True
Is 1570629289 a prime number?
True
Is 2818614521 a prime number?
False
Is 31794173 a composite number?
False
Is 2092293967 a prime number?
True
Is 18474098347 a prime number?
True
Is 4106022331 prime?
False
Is 9836297509 a prime number?
True
Is 584366659 prime?
True
Is 720364753 a composite number?
False
Is 11211612133 composite?
True
Is 20263087603 prime?
False
Is 4609029037 a prime number?
True
Is 2917660063 prime?
True
Is 9244521691 prime?
False
Is 4030645783 a prime number?
True
Is 41456277157 composite?
False
Is 2988739531 prime?
False
Is 3369386703 a composite number?
True
Is 22808371913 a composite number?
True
Is 6356195413 a prime number?
False
Is 107284581329 prime?
True
Is 1666335613 composite?
True
Is 1889853859 a composite number?
False
Is 879866879 a composite number?
False
Is 774479021 prime?
False
Is 4096762249 a composite number?
False
Is 23494929287 a composite number?
True
Is 21224579393 composite?
False
Is 5410125817 prime?
True
Is 988563649 composite?
False
Is 43987183 a composite number?
True
Is 19348588289 a prime number?
True
Is 7072881899 composite?
False
Is 589544057 a prime number?
False
Is 5047722511 a prime number?
False
Is 2554491287 a composite number?
False
Is 2169436723 a composite number?
False
Is 3431752939 prime?
True
Is 15452349551 prime?
True
Is 4713741121 composite?
True
Is 23799835181 a prime number?
True
Is 17105509453 a prime number?
False
Is 1557781913 a composite number?
False
Is 3705474719 prime?
True
Is 2789387833 composite?
False
Is 12006601807 a composite number?
True
Is 519410477 a composite number?
True
Is 5166759287 composite?
False
Is 995389477 a composite number?
True
Is 5981634205 composite?
True
Is 10603920991 a composite number?
False
Is 338891099 a composite number?
False
Is 1518308581 composite?
False
Is 6254601181 prime?
True
Is 8349939449 a prime number?
True
Is 8234396617 composite?
False
Is 945059777 composite?
True
Is 20003785849 a composite number?
True
Is 1743922541 a prime number?
False
Is 11780836037 prime?
True
Is 10148985293 a composite number?
False
Is 7043344883 prime?
True
Is 40013304679 composite?
True
Is 1059586201 prime?
True
Is 24265260589 a composite number?
False
Is 1722039719 prime?
True
Is 40452575321 prime?
False
Is 3437337583 prime?
True
Is 191663677 prime?
False
Is 9379409899 a prime number?
True
Is 706204793 a prime number?
False
Is 4511131481 prime?
True
Is 10232809787 prime?
False
Is 480693931 a prime number?
True
Is 125361564281 a prime number?
True
Is 76109701 prime?
False
Is 23702112019 a prime number?
True
Is 9689669251 a composite number?
True
Is 32415842159 prime?
True
Is 176466869 a composite number?
False
Is 347840863 prime?
False
Is 14729837569 a composite number?
False
Is 1739416303 prime?
True
Is 740677957 prime?
False
Is 992389201 a prime number?
True
Is 382528631 a prime number?
True
Is 112511809 a composite number?
False
Is 1414670641 composite?
True
Is 51379774291 a composite number?
False
Is 1809599479 a composite number?
True
Is 447214283 a prime number?
True
Is 15520172341 a prime number?
True
Is 35108417771 prime?
False
Is 284387393 prime?
True
Is 36876666881 a prime number?
False
Is 464333399 a prime number?
True
Is 1081573583 composite?
False
Is 31733400859 prime?
True
Is 814136203 a composite number?
False
Is 6620001359 prime?
False
Is 1977907241 a composite number?
True
Is 17355880511 prime?
True
Is 31369917343 a composite number?
False
Is 503562649 prime?
False
Is 17324789423 prime?
True
Is 584865067 a prime number?
True
Is 2064402959 prime?
True
Is 154011917 prime?
False
Is 2047419181 prime?
True
Is 12580538653 a composite number?
True
Is 9463433 a composite number?
True
Is 9980526343 composite?
False
Is 4094174893 composite?
False
Is 501483317 prime?
True
Is 12145280863 a composite number?
True
Is 141863712251 a prime number?
True
Is 952296581 a prime number?
True
Is 864962421 composite?
True
Is 31084304083 a composite number?
True
Is 1633026019 prime?
False
Is 4904700811 a prime number?
True
Is 9094503373 a composite number?
True
Is 3678418547 a prime number?
True
Is 7009504511 prime?
True
Is 4394298877 a composite number?
True
Is 450270199 prime?
False
Is 14308259249 composite?
False
Is 3649312501 prime?
False
Is 5801153317 a prime number?
False
Is 21771479 a prime number?
False
Is 15342320717 prime?
True
Is 163497001807 prime?
True
Is 10752617467 composite?
False
Is 1903607423 prime?
True
Is 1114470121 a composite number?
True
Is 41402446087 composite?
True
Is 6561297991 composite?
True
Is 9849767311 prime?
True
Is 17872911299 composite?
False
Is 7415763841 prime?
False
Is 16902036763 a composite number?
False
Is 11798000033 a prime number?
False
Is 67275202259 a composite number?
False
Is 100938075919 prime?
True
Is 835353811 prime?
False
Is 107573227 composite?
True
Is 882745873 prime?
True
Is 74758106209 prime?
False
Is 64593107 prime?
False
Is 4183532167 prime?
True
Is 421833403 a composite number?
False
Is 4104658049 composite?
False
Is 20899047691 a composite number?
False
Is 115598551 composite?
False
Is 3918460157 prime?
True
Is 654545933 a composite number?
True
Is 1000974263 prime?
False
Is 3424606579 composite?
True
Is 3021105859 a composite number?
False
Is 98657659 a prime number?
True
Is 2689922299 composite?
False
Is 2628701233 a prime number?
False
Is 2507029447 composite?
True
Is 4216713841 a composite number?
False
Is 7295640481 prime?
True
Is 51708396737 prime?
True
Is 3882284849 prime?
False
Is 4860219229 a prime number?
False
Is 3320158109 prime?
True
Is 159872851 a composite number?
True
Is 7217158489 composite?
False
Is 8170349273 prime?
True
Is 83979424073 a composite number?
True
Is 37369162781 a prime number?
False
Is 118633555763 a composite number?
True
Is 1607946271 a composite number?
False
Is 11594790931 a prime number?
False
Is 7925625601 a composite number?
True
Is 6507486071 a composite number?
True
Is 136170491 composite?
True
Is 18744393373 a composite number?
False
Is 13810290737 composite?
True
Is 13453923053 a prime number?
True
Is 2300010929 composite?
False
Is 1065178391 a composite number?
True
Is 6184592867 a prime number?
False
Is 662895787 composite?
False
Is 1233729694 a composite number?
True
Is 2704429643 a prime number?
True
Is 10270463257 a prime number?
False
Is 123658913 a prime number?
False
Is 21055090993 a composite number?
False
Is 230283067 prime?
False
Is 434963917 prime?
False
Is 2588798467 a composite number?
True
Is 6076893409 a prime number?
True
Is 13159635119 a prime number?
True
Is 16354845643 composite?
False
Is 7447392229 composite?
True
Is 15578766163 a composite number?
True
Is 2862159947 